. What are the prime factors of f?
5
What are the prime factors of 2/(-8) - (-327)/12?
3
Let h(r) = -r + 13. Let k(u) = 2*u - 27. Let t(v) = 9*h(v) + 4*k(v). List the prime factors of t(6).
3
Let i be 1*4/(-2) - 1. Let f(d) = -12*d - 2. List the prime factors of f(i).
2, 17
Suppose -4*h + 231 = -281. What are the prime factors of h?
2
Let k = 12 - 24. Let u = 25 + k. What are the prime factors of u?
13
Let s(t) = t + 21. Let f be s(0). Suppose 4*y = -4*g - 0 - 4, -3*y + f = -5*g. List the prime factors of y/(-2) - 52/(-4).
2, 3
Let z = 510 + -297. List the prime factors of z.
3, 71
Let z(j) be the second derivative of -j**3/3 + 4*j**2 + 5*j. What are the prime factors of z(0)?
2
Suppose 10*m - 5*m = 1015. List the prime factors of m.
7, 29
Suppose -11*f = -10*f - 89. What are the prime factors of f?
89
Suppose 2*r = -2*r + 64. Suppose 3*l - r = 17. What are the prime factors of l?
11
Let g = -45 + 167. List the prime factors of g.
2, 61
Suppose 4*y - y - 15 = 0. Suppose -y*h = -h - 116. What are the prime factors of h?
29
Let g(k) be the third derivative of k**6/120 - k**5/60 + k**4/12 - k**3/2 + 3*k**2. List the prime factors of g(2).
5
Let k be ((-5)/15)/(1/(-39)). What are the prime factors of (k/(-5) - -3)*15?
2, 3
Let h = -93 + 241. List the prime factors of h.
2, 37
List the prime factors of 1/1 + 1 - (-1 + -20).
23
Let g(m) = m + 1. Let l(p) = 3*p + 4. Let k(o) = 21*g(o) - 6*l(o). Let w(s) = -s**2 - 6*s - 1. Let u be w(-4). What are the prime factors of k(u)?
2, 3
Let x be 2/4 - 2/(-4). Let c(h) = 59*h + 1. Let z be c(x). Suppose -3*o = o - z. List the prime factors of o.
3, 5
Suppose 3*o = g + 29, 3*g - 4*g - 47 = -5*o. List the prime factors of (-3 - (-51)/o)*9.
2, 3
Let b be (-2 - -13)/((-2)/(-4)). Let f = b + -6. List the prime factors of f.
2
Let a(j) = -4*j - 9. List the prime factors of a(-8).
23
Let u be 8/52 - 37/(-13). Suppose -3*l + 0*l = u*d - 15, -6 = -2*l - 3*d. List the prime factors of l.
3
Suppose -4*n - 9 + 1 = 0. What are the prime factors of (-34)/4*n*1?
17
Let y be (-14)/18 + (-4)/18. Let s = y + 3. Suppose 3*f - 16 = s. What are the prime factors of f?
2, 3
Let n(k) = -2*k**3 + 11*k**2 - 5*k - 2. Let w be n(5). Let p(l) = -3*l**2 - 1. Let o be p(-1). Let t = w - o. What are the prime factors of t?
2
Suppose -3*a = 5*p - 85, a + 5*p - 4*p - 25 = 0. What are the prime factors of a?
2, 5
Let t(s) = 3*s - 2*s + s**3 + 4*s - 2 - 4*s - 6*s**2. List the prime factors of t(6).
2
Suppose 5 = k - 15. Suppose -2*s + 0 + k = 0. Suppose 0 = -3*r + 28 - s. List the prime factors of r.
2, 3
Suppose 3 = 2*a - 5. Let y be (-4)/(a/6*-3). Suppose -y*p = 4*l - 10, 15 = 2*p + 3*l + 4. List the prime factors of p.
7
Let m(h) = h**2 - 6*h + 3. Let b be m(6). Suppose 5*s = b*n - 7 + 16, -9 = s + 3*n. List the prime factors of 4/(1/(2 + s)).
2
Let q(p) = 2*p - 12. Let u(c) = -c - 3. Let n(f) = 1. Let s(l) = 5*n(l) + 2*u(l). Let w be s(-5). List the prime factors of q(w).
2, 3
Suppose j - 121 = 4*o - 5*o, j + 1 = 0. List the prime factors of o.
2, 61
Let l = 32 + -16. What are the prime factors of l?
2
Let w(x) = 9*x - 1. Suppose 4*l + 0 = 4. What are the prime factors of w(l)?
2
Let p = -3 - -6. Suppose -4*c - 19 + p = 0. Let l = 13 + c. What are the prime factors of l?
3
Suppose -25 = 6*s - s, 5*n = 5*s - 65. Let y be -62*((-3)/(-6) - 0). Let j = n - y. List the prime factors of j.
13
Suppose 59 = 4*p - 5*z + 4, 3 = 3*z. What are the prime factors of p?
3, 5
Suppose -10 = -4*i - 2*z, 3*i + 0*z - 5 = z. Suppose 0 = 3*d - 0*d + 18. What are the prime factors of 92/12 - i/d?
2
Suppose a - o = 1, a - 4*a = -o - 7. Suppose a*y - 6*y + 54 = f, 0 = y + f - 16. List the prime factors of y.
19
Let u(n) = -3*n + 2. Let z be u(-2). Suppose 0 = 5*m + 5*h - 85, -3*m + z*m - 5*h - 45 = 0. Suppose m + 3 = 4*a. List the prime factors of a.
2
Let w(z) = z**2 - 13*z. Let h be w(13). Suppose -3*g + 4*p = -12, h*g + 2*g - 4*p - 8 = 0. List the prime factors of g.
2
Suppose 2*j + 59 = -2*o + 17, -5*j + 2*o - 133 = 0. Let i = j + 41. List the prime factors of i.
2
Suppose -o = 8 - 2. Let q = 42 + o. What are the prime factors of q?
2, 3
Let a(n) be the second derivative of n**5/2 - n**4/12 - n**3/6 + n**2/2 + 4*n. List the prime factors of a(1).
3
List the prime factors of (2 + (0 - 43))/(-1).
41
What are the prime factors of (-4)/(-10) - 11888/(-80)?
149
Let h = 92 - 26. Suppose 4*i - 14 = 2. Suppose -i*s + s + h = 0. List the prime factors of s.
2, 11
Let t = 0 + -1. Let s be (t - -11)/((-7)/7). Let l = s + 18. What are the prime factors of l?
2
Let x be (-4)/(-1) - 1*2. Suppose -2*d - x = -5*c - 6, 4*c = 2*d - 4. Suppose c = -2*a - 2, 4*v = -0*a + 3*a + 15. List the prime factors of v.
3
Let q = -11 + 8. List the prime factors of (-1 + (-15)/9)*q.
2
Suppose a - 202 = 5*n, 0*a = -3*n + a - 122. Let p = -23 - n. Let i = p - 4. What are the prime factors of i?
13
Suppose -5*f = -4*f - 1. Let p be (f - -4)*(-9)/(-15). Suppose -3*s + 2*s = -p*c - 9, -2*s + 22 = -2*c. List the prime factors of s.
2, 3
Suppose -29 = 2*q - 7. Let i = -17 - q. List the prime factors of i/(-1)*(-32)/(-12).
2
Suppose -4*w + 16 = -0*w. Let n be 1 + (6/(-2) - 0). Let d = w + n. What are the prime factors of d?
2
Let g be ((-27)/12)/(1/(-4)). Let m = 14 + g. What are the prime factors of m?
23
Let t(u) = u**2 + 5*u + 2. Let f be t(-5). Let h = 18 - f. What are the prime factors of h?
2
List the prime factors of 11/((-33)/(-72)) - 3.
3, 7
Let m = 85 + -41. List the prime factors of m.
2, 11
Suppose -10 = -x - r, -4*x - 2*r = x - 56. Let n = 13 + -21. Let y = x + n. List the prime factors of y.
2
Suppose -3*v + 101 = 5*h, -4*v + 213 = -3*h + 59. List the prime factors of v.
37
Suppose 244 = 4*o - 2*o. List the prime factors of o.
2, 61
Let s(b) = -b - 4. Let d(t) = t**3 + 3*t**2 + 2*t + 1. Let j be d(-3). Let a be s(j). Suppose -y - a = -3. What are the prime factors of y?
2
Suppose 3*v - 2 = 4. Suppose -h = v*h. Suppose -c + 4*k + 13 = h, -42 - 4 = -5*c + k. List the prime factors of c.
3
Suppose -h - 3*g = -41, 3*g = -0*h + h - 23. Suppose -2*q + 0*q = -h. What are the prime factors of q?
2
Suppose 2*j + 0 - 6 = 0. Suppose -j*l - 25 = 2*l. List the prime factors of (13/3)/(l/(-15)).
13
Let d = -243 + 449. List the prime factors of d.
2, 103
Let k(y) = -2*y + 1. Let r be k(-1). List the prime factors of -1 + 39*r/9.
2, 3
Let h(l) = l**3 + 5*l**2 - 7*l - 5. Let z be h(-6). Let t be 1/(12/9 - z). Suppose t*b - 35 = -2*b. What are the prime factors of b?
7
Suppose -4*i - 3*l = -0*l - 949, 0 = -l - 1. What are the prime factors of i?
2, 7, 17
Suppose 0*f + f + s - 4 = 0, -3*s = -5*f + 12. Suppose -8*a + 4*a = -2*y - 16, -3*y - a = f. What are the prime factors of (1/y)/(2/(-48))?
2, 3
Suppose 67 = 4*x - 13. Let g = 34 - x. What are the prime factors of g?
2, 7
Suppose 0 = 6*y - 2*y - 1192. List the prime factors of y.
2, 149
Let c = -3 - -9. Suppose c*n - 68 = 2*n. Let y = 34 - n. List the prime factors of y.
17
Suppose 2*f = 5*f - 9, 15 = a + 4*f. Suppose -p = -a*p. Suppose p = -i + 7 + 5. List the prime factors of i.
2, 3
Let b(u) = u**2 - 3*u + 7. Let o(r) = -2*r**2 + 5*r - 15. Let c(x) = 5*b(x) + 2*o(x). What are the prime factors of c(6)?
11
Suppose -4*v + 30 = 5*s, -s + 4*v - 7 = 11. Suppose 5*w - s*w - 39 = 0. List the prime factors of w.
13
Suppose 0 = -30*c + 36*c - 1704. List the prime factors of c.
2, 71
Let v(j) = j**3 - 14*j**2 + 14*j + 4. Let k be v(13). Suppose 9 = 2*u - k. What are the prime factors of u?
13
Suppose -158 = -3*g + 70. List the prime factors of g.
2, 19
Let q(k) = -21*k. Let d be q(-1). What are the prime factors of d/(-2 - (0 - 3))?
3, 7
Let v be 38 - (1 + -2 + -1). Suppose v = -2*j + 6*j. List the prime factors of 18/5 + 4/j.
2
Suppose 5*h - 82 + 2 = 0. What are the prime factors of h?
2
Suppose -4*p + 8 = -0. Let x(u) = -2*u**2 - p*u - 7*u + u**2. List the prime factors of x(-7).
2, 7
Suppose 3*p - 52 = -p. Suppose -z = -p - 9. What are the prime factors of z?
2, 11
Let w(a) = 5*a**2 - 5*a + 7. List the prime factors of w(4).
67
Let s(t) = -2*t**3 - 5*t**2 - 2*t. What are the prime factors of s(-6)?
2, 3, 11
Suppose 3*p - 6 = -3, 4*y = 5*p - 185. Let s = -29 - y. List the prime factors of s.
2
Let i = 0 - 1. Let f be 2/i + 6 + 2. What are the prime facto